mmon divisor of 5 and 120.
5
What is the highest common divisor of 13 and 4?
1
What is the highest common divisor of 6 and 123?
3
What is the highest common divisor of 84 and 12?
12
What is the greatest common divisor of 5882 and 238?
34
What is the greatest common divisor of 322 and 2944?
46
Calculate the highest common factor of 385 and 539.
77
Calculate the greatest common factor of 4558 and 430.
86
What is the highest common factor of 184 and 344?
8
What is the greatest common divisor of 21 and 49?
7
What is the highest common divisor of 1467 and 9?
9
Calculate the highest common divisor of 16380 and 60.
60
Calculate the greatest common divisor of 1027 and 52.
13
Calculate the highest common factor of 116 and 6.
2
What is the highest common divisor of 105 and 1974?
21
What is the greatest common divisor of 2418 and 36?
6
What is the greatest common divisor of 1056 and 462?
66
What is the greatest common factor of 10 and 1390?
10
Calculate the greatest common divisor of 39 and 4017.
39
Calculate the greatest common divisor of 201 and 3.
3
Calculate the highest common factor of 48 and 66.
6
Calculate the highest common divisor of 10 and 11230.
10
Calculate the greatest common factor of 697 and 1763.
41
Calculate the highest common divisor of 9 and 171.
9
Calculate the highest common divisor of 2445 and 15.
15
Calculate the highest common factor of 2921 and 46.
23
Calculate the greatest common divisor of 786 and 6550.
262
Calculate the highest common factor of 10788 and 341.
31
What is the highest common factor of 12 and 102?
6
What is the highest common divisor of 729 and 9?
9
Calculate the greatest common divisor of 1537 and 477.
53
What is the highest common factor of 160 and 1310?
10
Calculate the highest common factor of 145 and 58.
29
Calculate the greatest common divisor of 30 and 24.
6
What is the highest common factor of 9776 and 32?
16
What is the greatest common divisor of 5559 and 545?
109
What is the highest common divisor of 240 and 25800?
120
What is the highest common factor of 3 and 681?
3
Calculate the highest common divisor of 55 and 43065.
55
What is the greatest common factor of 77 and 99?
11
Calculate the greatest common divisor of 378 and 168.
42
What is the highest common factor of 119 and 63?
7
Calculate the highest common factor of 6845 and 370.
185
What is the highest common factor of 18 and 621?
9
Calculate the highest common divisor of 416 and 52.
52
Calculate the greatest common divisor of 516 and 216.
12
Calculate the greatest common divisor of 212 and 477.
53
Calculate the greatest common factor of 4148 and 549.
61
Calculate the greatest common divisor of 6375 and 51.
51
Calculate the greatest common divisor of 13969 and 458.
229
Calculate the greatest common factor of 4680 and 208.
104
Calculate the highest common factor of 135 and 945.
135
Calculate the greatest common factor of 165 and 231.
33
What is the highest common factor of 1003 and 51?
17
What is the greatest common factor of 255 and 714?
51
What is the highest common factor of 10 and 935?
5
What is the highest common divisor of 22 and 3586?
22
What is the greatest common factor of 6 and 42?
6
What is the greatest common factor of 594 and 9?
9
What is the highest common factor of 2107 and 43?
43
What is the highest common divisor of 627 and 171?
57
What is the highest common divisor of 10 and 530?
10
What is the highest common factor of 32 and 1016?
8
What is the highest common factor of 253 and 33?
11
Calculate the highest common divisor of 8 and 72.
8
Calculate the greatest common divisor of 240 and 2320.
80
What is the greatest common divisor of 24 and 84?
12
Calculate the greatest common factor of 7505 and 190.
95
Calculate the highest common factor of 15521 and 33.
11
What is the highest common factor of 27 and 243?
27
Calculate the greatest common factor of 21691 and 109.
109
What is the greatest common factor of 32 and 464?
16
Calculate the highest common factor of 50 and 950.
50
What is the highest common divisor of 18 and 10086?
6
Calculate the highest common factor of 12 and 66.
6
Calculate the greatest common divisor of 24 and 204.
12
What is the greatest common divisor of 63 and 2034?
9
What is the greatest common divisor of 10 and 85?
5
What is the highest common factor of 187 and 55?
11
Calculate the greatest common factor of 950 and 1700.
50
What is the highest common factor of 7 and 14?
7
Calculate the greatest common factor of 865 and 5.
5
What is the greatest common divisor of 75 and 6?
3
What is the highest common factor of 186 and 248?
62
What is the highest common factor of 242 and 363?
121
What is the highest common divisor of 7062 and 66?
66
Calculate the greatest common divisor of 32 and 144.
16
What is the greatest common factor of 342 and 36?
18
What is the greatest common factor of 308 and 110?
22
Calculate the highest common factor of 20 and 8260.
20
Calculate the highest common factor of 19 and 125.
1
What is the greatest common factor of 10899 and 63?
63
Calculate the highest common factor of 2059 and 71.
71
Calculate the greatest common divisor of 1110 and 60.
30
What is the greatest common divisor of 9 and 6309?
9
Calculate the highest common factor of 2346 and 46.
46
What is the greatest common divisor of 80 and 2845?
5
What is the highest common divisor of 85 and 9469?
17
What is the highest common divisor of 117 and 1098?
9
What is the greatest common divisor of 72530 and 10?
10
What is the highest common divisor of 39 and 91?
13
What is the greatest common divisor of 1197 and 3078?
171
Calculate the greatest common factor of 4080 and 560.
80
What is the highest common factor of 50 and 470?
10
Calculate the greatest common divisor of 2816 and 132.
44
Calculate the highest common divisor of 12295 and 5.
5
What is the highest common factor of 231 and 21?
21
Calculate the greatest common factor of 6 and 132.
6
Calculate the highest common factor of 3015 and 90.
45
Calculate the greatest common divisor of 792 and 9.
9
Calculate the highest common divisor of 205 and 205.
205
What is the highest common factor of 13598 and 26?
26
What is the highest common divisor of 4160 and 3200?
320
What is the highest common divisor of 42 and 210?
42
What is the highest common factor of 2826 and 18?
18
What is the highest common factor of 806 and 130?
26
What is the highest common divisor of 2200 and 88?
88
What is the greatest common divisor of 1519 and 1364?
31
Calculate the highest common divisor of 48 and 552.
24
Calculate the highest common divisor of 219 and 3.
3
Calculate the greatest common divisor of 1298 and 11.
11
Calculate the greatest common divisor of 198 and 44.
22
What is the highest common factor of 2 and 64?
2
Calculate the greatest common divisor of 13060 and 20.
20
Calculate the highest common factor of 504 and 126.
126
Calculate the greatest common divisor of 615 and 2829.
123
What is the highest common divisor of 75 and 60?
15
Calculate the highest common factor of 416 and 96.
32
Calculate the greatest common divisor of 2 and 25666.
2
Calculate the greatest common factor of 1312 and 1927.
41
What is the highest common divisor of 51 and 85?
17
What is the highest common factor of 269 and 11567?
269
What is the greatest common divisor of 33474 and 42?
42
What is the highest common factor of 198 and 216?
18
What is the greatest common divisor of 6 and 120?
6
What is the highest common factor of 402 and 12?
6
What is the greatest common divisor of 100 and 350?
50
What is the greatest common divisor of 12 and 156?
12
Calculate the greatest common factor of 69 and 207.
69
What is the greatest common factor of 29664 and 36?
36
Calculate the highest common factor of 72 and 66.
6
Calculate the highest common divisor of 165 and 75.
15
Calculate the greatest common factor of 66 and 132.
66
Calculate the greatest common factor of 185 and 74.
37
Calculate the highest common divisor of 3810 and 15.
15
Calculate the greatest common factor of 215 and 946.
43
What is the highest common factor of 2 and 13?
1
Calculate the highest common divisor of 11 and 2321.
11
What is the highest common factor of 44 and 748?
44
What is the greatest common factor of 56 and 8?
8
What is the greatest common factor of 68 and 1972?
68
What is the